be (513/36)/((-9)/(-384)). What is the greatest common divisor of w and 228?
76
Let p(v) = -3*v + 14. Let w be p(-22). What is the greatest common divisor of w and 32?
16
Let o(u) = -33*u + 34. Let k be o(-9). Suppose h + 133 - k = 0. Let t(w) = 5*w**2 - 2*w - 2. Let b be t(-2). What is the highest common divisor of h and b?
22
Let i be (27 - 30)/((-2)/(-8) + -1). Suppose i*t - 22 = 50. Calculate the highest common divisor of 144 and t.
18
Let h be 1*-2 - -8*1. Let f(t) = t - 1. Let z(q) = 3*q + 10. Let l(o) = 6*f(o) + z(o). Let x be l(h). Calculate the highest common divisor of 87 and x.
29
Suppose r - b = 3*b + 212, -b - 1079 = -5*r. Let l = -51 + r. Suppose -m + 11 = j - 7, 3*m - 33 = 4*j. Calculate the greatest common divisor of m and l.
15
Let u be (-126)/((-8)/4) + -4. Suppose -u = -2*i + 101. Calculate the greatest common divisor of i and 10.
10
Suppose 0 = -0*x - 4*x - 5*f + 420, -16 = -4*f. Calculate the highest common divisor of x and 60.
20
Suppose -t - 3*f + 73 = 0, 284 = -3*t + 7*t + 4*f. Calculate the highest common divisor of t and 15.
5
Let y be 702/8 + 8*23/736. Calculate the highest common factor of 112 and y.
8
Suppose 18*m = -37*m + 1265. Calculate the greatest common factor of 3013 and m.
23
Let q = 1266 + -536. Calculate the greatest common factor of 10 and q.
10
Let z(u) = -u**2 - 8*u - 10. Let i be z(-6). Let r = 122 + -113. What is the greatest common factor of r and i?
1
Let j be 564/14 + (-2)/7. Let f = -1 - -3. Suppose f*a - 3*k - 22 = 0, 2*a - 4*k - 31 = -a. What is the greatest common divisor of a and j?
5
Let z(r) = 47*r**2 - 3*r**2 + 2 - 1. Let o be z(1). Suppose 11*d = 2*d + o. What is the greatest common divisor of 45 and d?
5
Let g be 0 - 0/(-3) - 44. Let q be ((-165)/g)/((-1)/(-4)). Suppose -200 = -3*u + 115. What is the highest common factor of u and q?
15
Suppose -83 = 5*d - 4*r - 369, 220 = 4*d - r. What is the highest common factor of 486 and d?
54
Suppose 5*t + 15*l - 11*l - 243 = 0, 131 = 3*t - 5*l. What is the greatest common factor of 423 and t?
47
Suppose 2*m - 4 = -3*m + 2*o, 8 = m + 2*o. Suppose 4*k - u - 88 = 0, -5*u - 62 = -m*k - 0*k. Calculate the greatest common factor of k and 21.
21
Let q be (165/(-9))/((-2)/12). Let d be 178/8 - (-26)/(-104). What is the highest common divisor of q and d?
22
Let y = 1371 + -1341. Calculate the greatest common factor of 340 and y.
10
Let y(q) = -4*q**3 - 4*q**2 - 14*q - 8. Let a be y(-4). Let p(r) = 12*r - 18. Let i be p(4). What is the greatest common factor of a and i?
30
Suppose -r + 0*y = -2*y - 19, -96 = -4*r + 3*y. Suppose 4860 = 10*g + 10*g. Calculate the greatest common factor of g and r.
27
Let w be 8/(-44) - (-8)/44. Suppose 56 = 7*a - w*a. Calculate the highest common factor of 40 and a.
8
Suppose 0 = 25*u - 22*u - 93. Suppose -240 - 256 = -2*z. What is the greatest common divisor of u and z?
31
Let p(t) = t - 1. Let y(g) = 5*g - 18. Let l(o) = -3*p(o) + y(o). Let k be l(9). What is the greatest common factor of k and 30?
3
Let k = -117 + 122. What is the highest common divisor of k and 155?
5
Suppose l = 3*w - 50, 6*w - 30 = 3*w - 3*l. Let z be ((-1 - -4)/((-9)/405))/(-1). What is the greatest common divisor of w and z?
15
Let t = -1709 - -2659. Calculate the greatest common factor of t and 100.
50
Let o = 3598 - 2660. What is the greatest common factor of 14 and o?
14
Suppose 12*c - 14*c + 14 = -4*f, c = -5*f. What is the highest common factor of c and 11?
1
Let a(q) = 100*q + 4. Let p be a(1). Calculate the greatest common divisor of 65 and p.
13
Let u(d) = 9*d**2 - 3*d + 4. Let k be u(-1). Let o(y) = 3*y**2 + 12*y**2 - 4 - 2*y + 3. Let c be o(-1). Calculate the highest common divisor of c and k.
16
Let z = -411 + 412. What is the highest common divisor of 8 and z?
1
Suppose w = 48 + 32. What is the highest common divisor of 16 and w?
16
Suppose r - 398 = -3*r + 2*b, b = -2*r + 193. Let k be ((-9)/(-3) - 1) + -47. Let g be 67/5 + (-27)/k. Calculate the greatest common divisor of g and r.
14
Let g be 4/(-22) + (-378)/99. Let z be 1/(-2*g/264). What is the highest common factor of 264 and z?
33
Let f(t) = 43*t - 114. Let u be f(3). Calculate the greatest common divisor of u and 60.
15
Suppose 4*o + 6 = 6*o, -m - o = -59. Let u = 140 + -133. Calculate the highest common factor of u and m.
7
Let b(j) = j**2 + 21*j + 15. Let l be b(8). Calculate the greatest common divisor of 13 and l.
13
Let m = 109 + 26. What is the greatest common factor of 5 and m?
5
Let w be (-4)/6 + (-55352)/(-408). Calculate the highest common factor of w and 27.
27
Suppose 4560 = 21*o + 17*o. Calculate the greatest common factor of 96 and o.
24
Suppose -65*y = -58*y - 10962. What is the greatest common factor of 54 and y?
54
Let f(q) = q**2 + 30*q - 239. Let y be f(13). What is the highest common divisor of y and 128?
64
Let c(z) = z**3 - 15*z**2 + 14*z + 2. Let m be c(14). Let o be (m + 2 - -9)/((-2)/(-4)). Calculate the highest common factor of 13 and o.
13
Suppose -5*p - p + 270 = 0. Suppose 36*o - p = 33*o. What is the highest common factor of 75 and o?
15
Let n be (12/18)/(2/75). Calculate the greatest common factor of n and 425.
25
Suppose 2*s = 17 + 15. Let n = -217 - -225. What is the greatest common divisor of n and s?
8
Let h = -170 - -192. Calculate the highest common factor of 154 and h.
22
Let c = 4856 + -4716. Let f be (-16)/(-12)*30*1. Calculate the highest common divisor of f and c.
20
Let u = 11 + -1. Let c be 1004/u - (-28)/(-70). Suppose -2*n + c = 2*n. What is the highest common factor of 100 and n?
25
Let u be (-7)/42*-2 - 482/(-3). What is the greatest common factor of u and 92?
23
Let l(c) = -c**2 - 18*c - 78. Let q be l(-8). Let x(j) = 9*j**2 - 2*j - 1. Let m be x(-1). Calculate the greatest common factor of m and q.
2
Let w(c) = -c**3 - 10*c**2 + 23*c - 16. Let o be w(-12). Let q be (-58)/(-5) - o/10. Suppose 4*s - 24 = s. Calculate the highest common divisor of s and q.
4
Suppose 0 = v - 752 - 1184. What is the highest common factor of 16 and v?
16
Let q(r) be the second derivative of -r**5/20 + 11*r**4/12 + 13*r**3/6 - r**2 - 4*r. Let i be q(12). What is the highest common divisor of 25 and i?
5
Let i be (21/2)/(6/40). Suppose -5*d + 13*d - 40 = 0. Suppose 45 = 5*o - d. Calculate the greatest common divisor of i and o.
10
Suppose 0 = 2*y - 11 + 75. Let k be 15/(12/y*-2). Calculate the highest common divisor of k and 30.
10
Let j = 36 + 225. Suppose 0 = -3*r + j + 51. What is the greatest common factor of r and 26?
26
Let a = 4 + 4. Suppose -4*t + 3*q = -36, -2*q - a = -2*t + 8. Suppose d - 9 = 5*u - 0*u, d - t = 2*u. What is the highest common divisor of 28 and d?
14
Let u(o) = 8*o**2 - 3*o - 3. Let b be u(3). Let i = b + -33. Let d(l) = 62*l + 1577. Let v be d(-25). Calculate the highest common divisor of i and v.
27
Let h be 3*(-11)/(-6)*2. Suppose h = 2*f - f. Suppose -44 = -o - 3*o. What is the greatest common factor of o and f?
11
Let i = 0 - 9. Let p be (3 - (2 - 1)) + 11. Let q = i + p. Calculate the greatest common divisor of 1 and q.
1
Let b be (4374/4)/((-50)/(-100)). What is the greatest common factor of b and 9?
9
Let j be 97/6 + (-6)/36. Suppose 10*u = 604 + j. What is the greatest common divisor of 682 and u?
62
Let v = -1270 + 1339. What is the greatest common divisor of v and 6?
3
Let b be (-1)/1 + 14 - 1. Let r = b + -9. Suppose 0 = 4*q - r*q - 54. What is the highest common factor of q and 27?
27
Let p be (66/(-11))/(3 - (8 - 4)). Calculate the highest common divisor of p and 69.
3
Suppose -3*r + 9 = 3*s, -r + 0 + 5 = 0. Let i be -1 - s/(4/26). Let w be 19 + 13 - (33 - 4). What is the highest common divisor of i and w?
3
Suppose 18*n - 63*n + 2340 = 0. What is the greatest common divisor of 234 and n?
26
Let k = 260 + -540. Let y be k/16*8/(-14). Calculate the greatest common factor of 15 and y.
5
Let h = -4 - -44. Let w be (-16)/h - 222/(-5). Let d be 34/8 - -1*3/(-12). Calculate the highest common factor of d and w.
4
Let f be 14 + -16 - (0 + 96). Let d = f + 107. What is the highest common divisor of d and 117?
9
Suppose 495 = 5*i + 3*y, 4*i + y = -3*y + 396. Calculate the highest common factor of i and 495.
99
Let p be 1 + 128 + (-6)/2. Let b be (-38)/2 - (-1)/(-1). Let w be (-144)/(-10) - (-8)/b. Calculate the highest co